-l - 5*v, -5*l - 2*v - 7 = 23. Let w be d(l). What is the greatest common factor of w and 17?
17
Let t be (-24)/15*(-15)/6. What is the highest common factor of t and 4?
4
Let v = 3 - -4. Let t = v + -18. Let l be (-130)/(-4) + t/22. Calculate the highest common factor of l and 16.
16
Suppose -3*x = -0*x - 12. Suppose 6*n - 4*k = n + 160, 0 = -x*k - 20. Let g = 61 + -19. Calculate the greatest common factor of n and g.
14
Suppose 0 = -4*h - 2 - 14. Suppose -5*b = -3*b - 22. Let j = b + h. Calculate the greatest common divisor of j and 63.
7
Let s(o) = 4*o - 3. Suppose z = -4*z + 45. Let n be s(z). What is the greatest common divisor of n and 3?
3
Let h(o) = 21*o - 3. Let v be h(1). Calculate the highest common divisor of v and 27.
9
Let p(y) be the first derivative of 5*y**2/2 - 10*y - 7. Let l be p(6). Calculate the highest common divisor of l and 4.
4
Let u(j) be the third derivative of -1/60*j**5 + 2*j**2 - j**3 + 11/24*j**4 + 0*j + 0. Let b be u(5). Calculate the highest common divisor of 36 and b.
12
Let x = -136 - -192. Calculate the highest common divisor of x and 7.
7
Suppose -z - 12 = -67. Suppose 0 = 2*k + 3*h - 6, h - 4 = -6. Suppose 0 = 3*c + k - 21. Calculate the greatest common divisor of c and z.
5
Let d be (-1)/((-3)/(-9)) + 3. Suppose 5*b - 575 - 175 = d. What is the greatest common factor of b and 60?
30
Let a = -19 + 61. Let x(u) = -3*u - 14. Let l be x(-14). Calculate the highest common factor of a and l.
14
Suppose 53*a - 12 = 50*a. Calculate the greatest common divisor of 8 and a.
4
Suppose 5*n + o = -3*o + 844, 3 = 3*o. What is the highest common divisor of n and 21?
21
Let o(r) = -8*r + r**2 + 3*r**2 - r**2 - 3 - r**2. Let n be o(7). Calculate the greatest common divisor of 26 and n.
13
Let w = -25 - -42. Let u = w - -55. Suppose -12 = -2*p + 4. What is the highest common factor of p and u?
8
Let d be 1/((-3)/(-183)) - 1. What is the greatest common factor of 12 and d?
12
Let l = -100 + 115. What is the greatest common divisor of 20 and l?
5
Let b(j) = 9*j**2 - j + 1. Let s = -13 - -9. Let h = s - -5. Let q be b(h). What is the greatest common divisor of q and 36?
9
Let x = -15 - -31. Let f be (-1)/1 + 48 + 1. Calculate the greatest common factor of x and f.
16
Let s(t) = t**2 - 9*t + 12. Let x be s(10). Calculate the highest common divisor of 2 and x.
2
Suppose -3*q + 3*z = -3 - 0, 0 = q - 2*z. Suppose -5*g = -2*i + 14, q*g = -3*i - 2*g - 2. Let p = -1 - -9. What is the greatest common divisor of p and i?
2
Let g be 3341/52 + (-3)/(-4). Let q(s) = s**2 - 9*s + 6. Let m be q(9). Let b = 7 + m. Calculate the highest common factor of b and g.
13
Suppose -36 + 1 = -5*o. Let r(n) = 2*n + 7. Let q be r(7). Calculate the highest common factor of q and o.
7
Suppose -n + 3*z + 66 = 0, -3*n + 23 = 5*z - 217. What is the highest common divisor of 30 and n?
15
Suppose -h - 8 = -5*h. Let t(v) = -12 + 2*v**2 + 0*v**2 - h*v + 10. Let m be t(-3). Calculate the greatest common factor of 2 and m.
2
Let v = 1224 + -449. Let s = -430 + v. Suppose 5*z + 90 - s = 0. Calculate the highest common divisor of 17 and z.
17
Suppose 2*w + 65 = -3*w. Let l be 1*(-4 - -2 - w). Let b be 9*(11 - (2 + -2)). What is the highest common factor of l and b?
11
Suppose t = 6*t - 30. Let r(l) = l - 2. Let s be r(t). Suppose s*i - 84 = -0*i. What is the highest common divisor of 7 and i?
7
Let q(p) = p**2 + 2*p + 6. Let y be q(-3). Let w be 994/10 - (-6)/(-15). Calculate the highest common divisor of y and w.
9
Let c = 139 - 130. Let l be (-1)/2*0 + 18. What is the greatest common factor of c and l?
9
Let x be (44/(-55))/(1/(-120)). Calculate the greatest common divisor of 64 and x.
32
Let m be -2 + 1/(-1)*(2 - 136). Calculate the highest common factor of m and 12.
12
Let z(q) = q**3 - 11*q**2 + q + 3. Let x be z(11). What is the greatest common divisor of x and 14?
14
Let f = -30 - -45. Let s = 27 + f. Suppose -2*u - 47 - 25 = -5*l, -3*l + 2*u = -44. Calculate the greatest common factor of l and s.
14
Let g(f) = -3*f**2 + 1 + 4*f + 2 - 2. Let u be g(3). Let j = 18 - u. Calculate the highest common factor of 8 and j.
8
Let q(n) = n**2 - 3. Let f be q(4). Let r(k) = 27*k + 9. Let j be r(4). Calculate the highest common divisor of f and j.
13
Suppose 34 - 102 = -2*x. What is the greatest common factor of x and 17?
17
Let i = 3 + 3. Let m be 15 - 6 - (-6)/(-2). What is the highest common divisor of i and m?
6
Suppose 3*c - c = -3*w + 15, 0 = -2*c + w + 3. Suppose -c*y + 1011 = 219. What is the greatest common factor of 24 and y?
24
Let u = -79 - -83. Calculate the highest common factor of u and 10.
2
Let j be (4 - (-6)/(-2)) + 12. Let y(u) = u**3 + 8*u**2 - 8*u - 11. Let g be y(-5). Calculate the highest common divisor of j and g.
13
Suppose o = 4*o + 6, 2*g = -4*o - 8. Let j(n) = -4 + n**2 + 0*n**2 + 3 + 118. Let a be j(g). What is the greatest common divisor of 13 and a?
13
Let d = 57 + -41. Let y be (d/(-6))/((-1)/24). Suppose 6*s = 2*s + y. Calculate the highest common divisor of 144 and s.
16
Let r be (-1916)/(-24) - 1/(-6). What is the highest common factor of 16 and r?
16
Let t(r) = -r**2 - 6*r + 4. Let w be t(-6). Suppose -4*k = 2*m - 202, -16 - 4 = -w*m. What is the greatest common factor of 12 and k?
12
Let s be (0 - 2) + (2 - 1). Let n = s - -2. Calculate the highest common factor of 7 and n.
1
Let l(i) = i**3 + 8*i**2 - 9*i + 1. Let n be l(-9). What is the highest common divisor of n and 8?
1
Let y = 56 + 16. What is the greatest common factor of y and 24?
24
Let p(h) = -h**3 + 4*h**2 + 4*h - 2. Let a be p(4). Calculate the greatest common factor of 35 and a.
7
Suppose -4*k + 6 = -k. Suppose 0 = c - t - 5, k*c - 2*t + 38 = 6*c. Calculate the greatest common factor of c and 88.
8
Let p be (-6 + 4/6)*-15. Let f = -5 + 7. Suppose 3*b = f*b + 16. What is the highest common divisor of p and b?
16
Let k(b) = 12*b + 1. Suppose -w + 2*c - 5 = 2, 2*w - c = -2. Let x be k(w). Calculate the greatest common divisor of x and 26.
13
Suppose 3*z = -4 - 8, 0 = q - 2*z. Let o(x) = x**2 + 4*x + 10. Let n be o(q). What is the greatest common divisor of 6 and n?
6
Let a(n) = n**2 + 12*n + 9. Let i be a(-13). Let d = 106 - i. Calculate the highest common divisor of d and 21.
21
Let i(u) = u**2 - 4*u - 15. Let p be i(-3). Suppose -2*r - 2*r = -216. What is the highest common factor of r and p?
6
Let o = 26 - -4. What is the greatest common factor of o and 45?
15
Suppose q + 2 = -w + 4, -4*w - 40 = -4*q. What is the highest common factor of 2 and q?
2
Suppose -3*v - 12 = 0, -5*v + 60 = 3*c + c. Let r be (-35)/(-4) - (-5)/c. What is the highest common divisor of 27 and r?
9
Let x = -1 + 3. Suppose x = v - 0. Let s be (0 - (-6)/3) + 12. Calculate the highest common factor of s and v.
2
Suppose 3*c - 4*q - 4 - 2 = 0, -c = 3*q - 15. Let s be (-14)/(-4) - (-6)/(-12). Suppose -m = -63 - s. What is the highest common factor of c and m?
6
Let n(h) = 43*h - 4. Let j be n(-4). Let u = j - -319. Calculate the highest common factor of u and 13.
13
Let i(b) = -2*b + 18. Let t be i(5). Calculate the greatest common factor of t and 56.
8
Suppose l - 10 = -4*l. Let f = 16 - 25. Let x = f + 13. Calculate the greatest common factor of l and x.
2
Let o(p) = 70*p - 5. Let r be o(4). What is the greatest common factor of 25 and r?
25
Let d be (-38)/((-84)/36 + (-1)/(-3)). Let w = 106 + 65. What is the highest common divisor of d and w?
19
Let l be 5 + 0 + -2 + 0. Let r be (63/4)/(l/8). Calculate the greatest common divisor of r and 21.
21
Let o = -36 + 59. Suppose 2*m + 5*h = 7, -3*m - m = h - o. Suppose 0*f - f = -30. Calculate the greatest common divisor of f and m.
6
Let a = 71 + -51. Calculate the highest common factor of a and 8.
4
Let r(y) = 5*y**2 + 2. Let w(g) = -9*g**2 - 5. Let o(z) = 7*r(z) + 3*w(z). Let k be o(-1). Let t = -4 + k. Calculate the greatest common divisor of t and 2.
1
Suppose -4 - 29 = -w. Calculate the greatest common factor of 231 and w.
33
Suppose 0 = k - 2*t - 11, -4*t = -3*k + 1 + 30. What is the highest common divisor of k and 9?
9
Let c = 20 + -11. Let a be 4/(-6) + 168/c. What is the highest common divisor of 12 and a?
6
Let j(t) = -t**3 - 4*t**2 - 5*t - 5. Let y be j(-5). What is the highest common factor of y and 5?
5
Suppose 3*v + 2*v - 10 = 0. Let s(d) 